 3*c - 2. Let o = 4 + 10. Calculate the remainder when (-1)/((-8)/a)*-164 is divided by o.
13
Let u(j) = j**3 + 5*j**2 - 7*j + 4. Let h be -5*(0 + (-12)/(-10)). What is the remainder when u(-6) is divided by 2/h + 13/3?
2
Suppose 6*n = n + 10. What is the remainder when 6 is divided by n?
0
Let s = -94 + 142. Suppose 2*c = -2*d + 18, -2*d + c = -3*c - s. What is the remainder when 0 + (-2)/2 - -41 is divided by d?
12
Let a = -8 - -10. Suppose -3*q = m - 2*m + 43, 5*q + 82 = a*m. Calculate the remainder when 123 is divided by m.
30
Let o(f) = f**3 - f**2 + 2*f + 31. What is the remainder when 61 is divided by o(0)?
30
Let l = 22 - 13. Suppose 5*m - 3 = -2*q + 5, 3*m = -2*q + 4. Suppose -m*k + 11 = -23. What is the remainder when k is divided by l?
8
Let j = -17 - -67. Calculate the remainder when j is divided by 13.
11
Let d = 7 + 16. Let s(w) = w**2 + 2*w + 6. Let g be s(-4). Let f = g + -6. What is the remainder when d is divided by f?
7
Calculate the remainder when -1 - 3 - -1*93 is divided by 13.
11
Let k(u) = 9*u**2 - 9*u - 4. What is the remainder when 54 is divided by k(2)?
12
Suppose 76 = h + 3*h. Let o(b) be the third derivative of -b**5/60 - 7*b**4/24 - 2*b**2. What is the remainder when h is divided by o(-5)?
9
Let i = -1 - -2. Calculate the remainder when 3*(12 - 1)*1 is divided by (-3 - -2)/(i/(-17)).
16
Let n(y) = 6*y - 6. Let v be (-584)/(-16) + 2/4. Let c = -24 + v. Calculate the remainder when n(5) is divided by c.
11
Let w = 1 + -5. Let t(j) be the second derivative of j**5/20 + 5*j**4/12 - 2*j**2 + 2*j. What is the remainder when t(w) is divided by 7?
5
Let a = 52 - 35. Let u = a - 13. Calculate the remainder when ((-11)/3)/(1/(-3)) is divided by u.
3
Let q be 16/20*(-3 + -2). Calculate the remainder when 3 is divided by (-1)/q - (-35)/20.
1
Suppose -s - 2*z = -20 - 6, 0 = -3*s - 2*z + 62. What is the remainder when 86 is divided by s?
14
What is the remainder when 27 is divided by 5/20 + 110/8?
13
Suppose t + 2*w + 0 = -10, -5*w - 31 = 4*t. Let f = t + 10. Suppose 64 = 2*x + f. Calculate the remainder when x is divided by 16.
13
Let f be (3/(-1) + 4)*3. Suppose -2*h - 15 = -f*h. What is the remainder when h is divided by 9?
6
Let y be (1/(-2))/(1/20). Let n = -1 - y. Suppose 4*l - l = 75. Calculate the remainder when l is divided by n.
7
Suppose 2*b = -b. Let c(d) = d + 4. Let j = 24 - 14. Calculate the remainder when j is divided by c(b).
2
Let j(s) = 3*s**2 + s**3 + 4*s**2 - 9*s**2 + 3 - 6*s. Calculate the remainder when 19 is divided by j(4).
8
Let z = -22 - -33. Suppose 3*c + 5*a - 52 = c, -2*a = 4. Calculate the remainder when c is divided by z.
9
Suppose -z + 0*k = -5*k - 22, -3*z + 4*k = -66. Suppose d + 4*d = 60. What is the remainder when z is divided by d?
10
Let l be 1 + -1 - (-2 - -13). Let x = 8 - l. What is the remainder when 36 is divided by x?
17
Let x(p) = -6*p + 74. What is the remainder when x(11) is divided by 8?
0
Suppose 3*m - m + 18 = -3*g, -4*m - 3*g - 24 = 0. What is the remainder when 65 is divided by m - (-4 + 3)*25?
21
Let u(c) = c - 1. Let d(s) = -5. Let a(l) = -d(l) + 3*u(l). Calculate the remainder when 1*(64/1)/2 is divided by a(5).
15
Let x(r) = 2*r - 6. Let m be x(5). Let p(s) = -m + 6*s - 4 - 2*s. Calculate the remainder when p(6) is divided by 6.
4
Let x(w) = w + 24. Let f(s) = -s + 54. Calculate the remainder when f(0) is divided by x(-10).
12
Suppose -3*i + 5*k = -43, 0 = -5*i - 3*k + 7*k + 63. Calculate the remainder when 108 is divided by i.
9
Let u(j) = 2*j**2 + 5*j - 1. Let z be u(2). Let k = 34 - z. Calculate the remainder when k is divided by 6.
5
Let h be (58/6)/((-9)/(-27)). Suppose h = t - 3*b, 15 = -2*t - b + 38. Calculate the remainder when t is divided by 8.
6
Let s(b) = -7*b + 5. Suppose 2*a = 13 + 5. What is the remainder when s(-3) is divided by a?
8
Suppose -3*x - 13 = -4. What is the remainder when -7*7/((-35)/5) is divided by (-16)/(-6) + x/(-9)?
1
Let j be 4/(-2 + 4 + -1). Let t = j + -3. What is the remainder when (-4)/6*3/(-2) is divided by t?
0
Let s(x) = 3*x**2 - x + 1. Calculate the remainder when 4 is divided by s(1).
1
Let t(s) = -17*s + 10. Let c(i) = 8*i - 5. Let n(p) = 5*c(p) + 2*t(p). What is the remainder when n(6) is divided by 11?
9
Let c = -33 + 52. Calculate the remainder when 33 is divided by c.
14
Let v(g) = -10*g + 4. Suppose d - 6 = w - 3, -2*w = -3*d + 6. What is the remainder when v(w) is divided by 38/3 - 4/6?
10
Suppose -4*h - 4*f + 68 = 0, 2*h - 5*f - 34 = -f. Suppose 697*p - 403 = 684*p. What is the remainder when p is divided by h?
14
Let w(o) = o**2 + 4*o - 3. What is the remainder when (-11 + 14)*(-14)/(-6) is divided by w(-5)?
1
Let g = 59 - -20. What is the remainder when g is divided by 40?
39
Let w(l) = -l**2 - 56. Let h be w(0). Let b = 140 - 234. Let p = h - b. What is the remainder when p is divided by 13?
12
Let p(d) = -4*d - 26. What is the remainder when 17 + (2 - 0/(-1)) is divided by p(-9)?
9
Let c(y) = 16*y - 3. Let q be c(3). Let h = q - 24. Suppose -h = b - 4*b. What is the remainder when 20 is divided by b?
6
Let m(x) = 6*x - 26. Calculate the remainder when 45 is divided by m(6).
5
Let g = 36 - 20. Let k = 25 - -5. What is the remainder when k is divided by g?
14
Suppose 4*l - 4 = 6*l, -58 = -2*p - l. Calculate the remainder when 116 is divided by p.
26
What is the remainder when 26 is divided by (3*7)/((-60)/(-40))?
12
Let x(j) = j**3 - 2*j**2 - 6*j + 1. Calculate the remainder when 24 is divided by x(4).
6
Calculate the remainder when 23 is divided by 12/(3/1) - -2.
5
Let x = -15 + 34. What is the remainder when 37 is divided by x?
18
Let q(u) = -u**3 - 6*u**2 - 5*u + 3. Let v be q(-4). Let m = 21 + v. Calculate the remainder when 35 is divided by m.
11
Let j = 5 + -22. Let y = -6 - j. What is the remainder when 31 is divided by y?
9
Suppose -9 = -2*a + 45. Let t(o) = 13*o**3 + o**2 + o - 1. Let q be (1/(-2))/(1/(-2)). What is the remainder when a is divided by t(q)?
13
Suppose -28 + 72 = 5*y - 4*h, -2*y + 12 = -3*h. Calculate the remainder when y is divided by 7.
5
Let b(r) = -r - 4. Let i be b(6). Let s be 4*(i/(-4))/5. Let x = s + -1. Calculate the remainder when 2 is divided by x.
0
Suppose 0 = -5*k + 6 + 4. Suppose m = -s + 10, m + 3*m = -s + 25. Calculate the remainder when m is divided by k.
1
Calculate the remainder when 97 is divided by 43 + -17 - (-1)/1.
16
Suppose -20*b + 252 = -11*b. Calculate the remainder when 55 is divided by b.
27
What is the remainder when 1/(-4) - 423/(-12) is divided by 19?
16
Let h = -33 + 55. Let f(x) be the third derivative of -x**6/120 - x**5/20 - x**4/8 + x**3/2 + x**2. What is the remainder when h is divided by f(-3)?
10
Let p(z) = -z**2 - 7*z + z - 2 + z. Let c be p(-4). Let q = c + 19. What is the remainder when q is divided by 11?
10
Let d(g) = -g**3 - g**2 + 18. Let b be d(0). Let q = 25 - b. What is the remainder when q is divided by (-14)/(-4) - (-2)/4?
3
Let t = 13 + -9. Let z = 4 - t. Suppose -2*m + 4 = -z. Calculate the remainder when 5 is divided by m.
1
Let r(i) = -i**2 - 3*i + 3 - 1 - 3 + 7*i. Let c be r(3). Suppose x = s + 33, s = 2*x - c*s - 69. What is the remainder when x is divided by 11?
8
Let y(q) = -3*q - 1. Calculate the remainder when 67 is divided by y(-6).
16
Let r = 17 - 12. What is the remainder when 7 is divided by r?
2
Suppose 0 = 3*l - 2*z - 3, l + 8 + 1 = 4*z. Let q(m) = m**3 - 3*m**2 + m + 4. Calculate the remainder when 12 is divided by q(l).
5
Suppose 0 = 5*p - 10, p + 3*p = -5*g + 343. What is the remainder when g is divided by 17?
16
Suppose -7*t + 8*t = 50. What is the remainder when t is divided by 26?
24
Let u(j) = -j**2 - 13*j - 7. What is the remainder when 12 is divided by u(-12)?
2
Let b(y) = y**3 - 13*y**2 + 13*y + 13. What is the remainder when b(12) is divided by 9?
7
Suppose 4*a + 5*l = -a + 210, -3*a + 134 = -5*l. What is the remainder when a is divided by 9?
7
Let a be (-2 - -52)*(-1 - -2). Let d = a - 84. Let p = d + 69. What is the remainder when p is divided by 9?
8
Suppose 7 - 2 = m. Calculate the remainder when 7 is divided by m.
2
Let v = -23 + 81. Calculate the remainder when v is divided by 10.
8
Let i = 90 + -50. Let u(p) = p**3 - 2*p**2 + p + 2. Let h be -1*(-6 - -2) - 1. Calculate the remainder when i is divided by u(